[INFO] cloning repository https://github.com/jonathansty/Rust-Game-of-life
[INFO] running `Command { std: "git" "-c" "credential.helper=" "-c" "credential.helper=/workspace/cargo-home/bin/git-credential-null" "clone" "--bare" "https://github.com/jonathansty/Rust-Game-of-life" "/workspace/cache/git-repos/https%3A%2F%2Fgithub.com%2Fjonathansty%2FRust-Game-of-life", kill_on_drop: false }`
[INFO] [stderr] Cloning into bare repository '/workspace/cache/git-repos/https%3A%2F%2Fgithub.com%2Fjonathansty%2FRust-Game-of-life'...
[INFO] running `Command { std: "git" "rev-parse" "HEAD", kill_on_drop: false }`
[INFO] [stdout] a7ab25720604ae2d3b7c43e2b37ddac90e3060d8
[INFO] checking jonathansty/Rust-Game-of-life against try#72f88fc4e9458f89516a0b8b0868f3718aec5b47 for pr-74989
[INFO] running `Command { std: "git" "clone" "/workspace/cache/git-repos/https%3A%2F%2Fgithub.com%2Fjonathansty%2FRust-Game-of-life" "/workspace/builds/worker-4/source", kill_on_drop: false }`
[INFO] [stderr] Cloning into '/workspace/builds/worker-4/source'...
[INFO] [stderr] done.
[INFO] validating manifest of git repo https://github.com/jonathansty/Rust-Game-of-life on toolchain 72f88fc4e9458f89516a0b8b0868f3718aec5b47
[INFO] running `Command { std: "/workspace/cargo-home/bin/cargo" "+72f88fc4e9458f89516a0b8b0868f3718aec5b47" "read-manifest" "--manifest-path" "Cargo.toml", kill_on_drop: false }`
[INFO] started tweaking git repo https://github.com/jonathansty/Rust-Game-of-life
[INFO] removed path dependency glw from git repo https://github.com/jonathansty/Rust-Game-of-life
[INFO] finished tweaking git repo https://github.com/jonathansty/Rust-Game-of-life
[INFO] tweaked toml for git repo https://github.com/jonathansty/Rust-Game-of-life written to /workspace/builds/worker-4/source/Cargo.toml
[INFO] crate git repo https://github.com/jonathansty/Rust-Game-of-life already has a lockfile, it will not be regenerated
[INFO] running `Command { std: "/workspace/cargo-home/bin/cargo" "+72f88fc4e9458f89516a0b8b0868f3718aec5b47" "fetch" "--locked" "--manifest-path" "Cargo.toml", kill_on_drop: false }`
[INFO] [stderr] warning: dependency (glw) specified without providing a local path, Git repository, or version to use. This will be considered an error in future versions
[INFO] [stderr]     Blocking waiting for file lock on package cache
[INFO] [stderr]     Updating crates.io index
[INFO] [stderr] error: the lock file /workspace/builds/worker-4/source/Cargo.lock needs to be updated but --locked was passed to prevent this
[INFO] [stderr] If you want to try to generate the lock file without accessing the network, use the --offline flag.
[INFO] the lockfile is outdated, regenerating it
[INFO] running `Command { std: "/workspace/cargo-home/bin/cargo" "+72f88fc4e9458f89516a0b8b0868f3718aec5b47" "generate-lockfile" "--manifest-path" "Cargo.toml" "-Zno-index-update", kill_on_drop: false }`
[INFO] [stderr]     Blocking waiting for file lock on package cache
[INFO] running `Command { std: "/workspace/cargo-home/bin/cargo" "+72f88fc4e9458f89516a0b8b0868f3718aec5b47" "fetch" "--locked" "--manifest-path" "Cargo.toml", kill_on_drop: false }`
[INFO] [stderr] warning: dependency (glw) specified without providing a local path, Git repository, or version to use. This will be considered an error in future versions
[INFO] [stderr]     Blocking waiting for file lock on package cache
[INFO] [stderr]  Downloading crates ...
[INFO] [stderr]   Downloaded num-bigint v0.1.44
[INFO] [stderr]   Downloaded cc v1.0.59
[INFO] [stderr]   Downloaded enum_primitive v0.1.1
[INFO] [stderr]   Downloaded num-rational v0.1.42
[INFO] [stderr]   Downloaded semver v0.2.3
[INFO] [stderr]   Downloaded nom v1.2.4
[INFO] [stderr]   Downloaded rustc-serialize v0.3.24
[INFO] [stderr]   Downloaded gl v0.10.0
[INFO] [stderr]   Downloaded log v0.4.11
[INFO] [stderr]   Downloaded cmake v0.1.44
[INFO] [stderr]   Downloaded num-integer v0.1.43
[INFO] [stderr]   Downloaded num-complex v0.1.43
[INFO] [stderr]   Downloaded num-iter v0.1.41
[INFO] [stderr]   Downloaded libc v0.2.77
[INFO] [stderr]   Downloaded glfw-sys v3.3.2
[INFO] [stderr]   Downloaded autocfg v1.0.1
[INFO] [stderr]   Downloaded num-traits v0.2.12
[INFO] [stderr]   Downloaded glw v0.1.4
[INFO] [stderr]   Downloaded glfw v0.23.0
[INFO] running `Command { std: "docker" "create" "-v" "/var/lib/crater-agent-workspace/builds/worker-4/target:/opt/rustwide/target:rw,Z" "-v" "/var/lib/crater-agent-workspace/builds/worker-4/source:/opt/rustwide/workdir:ro,Z" "-v" "/var/lib/crater-agent-workspace/cargo-home:/opt/rustwide/cargo-home:ro,Z" "-v" "/var/lib/crater-agent-workspace/rustup-home:/opt/rustwide/rustup-home:ro,Z" "-e" "SOURCE_DIR=/opt/rustwide/workdir" "-e" "CARGO_TARGET_DIR=/opt/rustwide/target" "-e" "CARGO_HOME=/opt/rustwide/cargo-home" "-e" "RUSTUP_HOME=/opt/rustwide/rustup-home" "-w" "/opt/rustwide/workdir" "-m" "1610612736" "--user" "0:0" "--network" "none" "rustops/crates-build-env@sha256:d92eaeed33fa75130ca1ee6c8a01d1ffb62bac859dfdfb3450e3e5d1c0146529" "/opt/rustwide/cargo-home/bin/cargo" "+72f88fc4e9458f89516a0b8b0868f3718aec5b47" "metadata" "--no-deps" "--format-version=1", kill_on_drop: false }`
[INFO] [stdout] 239e6cf0473b5821a37deb52855d3f698ecdf887f16553e660764ddad77de10b
[INFO] [stderr] WARNING: Your kernel does not support swap limit capabilities or the cgroup is not mounted. Memory limited without swap.
[INFO] running `Command { std: "docker" "start" "-a" "239e6cf0473b5821a37deb52855d3f698ecdf887f16553e660764ddad77de10b", kill_on_drop: false }`
[INFO] running `Command { std: "docker" "inspect" "239e6cf0473b5821a37deb52855d3f698ecdf887f16553e660764ddad77de10b", kill_on_drop: false }`
[INFO] running `Command { std: "docker" "rm" "-f" "239e6cf0473b5821a37deb52855d3f698ecdf887f16553e660764ddad77de10b", kill_on_drop: false }`
[INFO] [stdout] 239e6cf0473b5821a37deb52855d3f698ecdf887f16553e660764ddad77de10b
[INFO] running `Command { std: "docker" "create" "-v" "/var/lib/crater-agent-workspace/builds/worker-4/target:/opt/rustwide/target:rw,Z" "-v" "/var/lib/crater-agent-workspace/builds/worker-4/source:/opt/rustwide/workdir:ro,Z" "-v" "/var/lib/crater-agent-workspace/cargo-home:/opt/rustwide/cargo-home:ro,Z" "-v" "/var/lib/crater-agent-workspace/rustup-home:/opt/rustwide/rustup-home:ro,Z" "-e" "SOURCE_DIR=/opt/rustwide/workdir" "-e" "CARGO_TARGET_DIR=/opt/rustwide/target" "-e" "CARGO_INCREMENTAL=0" "-e" "RUST_BACKTRACE=full" "-e" "RUSTFLAGS=--cap-lints=forbid" "-e" "CARGO_HOME=/opt/rustwide/cargo-home" "-e" "RUSTUP_HOME=/opt/rustwide/rustup-home" "-w" "/opt/rustwide/workdir" "-m" "1610612736" "--user" "0:0" "--network" "none" "rustops/crates-build-env@sha256:d92eaeed33fa75130ca1ee6c8a01d1ffb62bac859dfdfb3450e3e5d1c0146529" "/opt/rustwide/cargo-home/bin/cargo" "+72f88fc4e9458f89516a0b8b0868f3718aec5b47" "check" "--frozen" "--all" "--all-targets" "--message-format=json", kill_on_drop: false }`
[INFO] [stdout] a39afc4ca7623a4db423f22774efde6e6c698bf4f287e0a4a61f8468ac512274
[INFO] [stderr] WARNING: Your kernel does not support swap limit capabilities or the cgroup is not mounted. Memory limited without swap.
[INFO] running `Command { std: "docker" "start" "-a" "a39afc4ca7623a4db423f22774efde6e6c698bf4f287e0a4a61f8468ac512274", kill_on_drop: false }`
[INFO] [stderr] warning: dependency (glw) specified without providing a local path, Git repository, or version to use. This will be considered an error in future versions
[INFO] [stderr]     Checking rustc-serialize v0.3.24
[INFO] [stderr]    Compiling cfg-if v0.1.10
[INFO] [stderr]     Checking nom v1.2.4
[INFO] [stderr]    Compiling num-traits v0.2.12
[INFO] [stderr]    Compiling num-iter v0.1.41
[INFO] [stderr]    Compiling bitflags v1.2.1
[INFO] [stderr]    Compiling glfw-sys v3.3.2
[INFO] [stderr]     Checking rand v0.4.6
[INFO] [stderr]     Checking rand v0.5.6
[INFO] [stderr]    Compiling log v0.4.11
[INFO] [stderr]    Compiling xml-rs v0.7.0
[INFO] [stderr]     Checking semver v0.2.3
[INFO] [stderr]    Compiling gl_generator v0.9.0
[INFO] [stderr]     Checking num-integer v0.1.43
[INFO] [stderr]     Checking num-traits v0.1.43
[INFO] [stderr]     Checking enum_primitive v0.1.1
[INFO] [stderr]    Compiling gl v0.10.0
[INFO] [stderr]     Checking num-bigint v0.1.44
[INFO] [stderr]     Checking num-complex v0.1.43
[INFO] [stderr]     Checking num-rational v0.1.42
[INFO] [stderr]     Checking num v0.1.42
[INFO] [stderr]     Checking glfw v0.23.0
[INFO] [stderr]     Checking glw v0.1.4
[INFO] [stderr]     Checking game_of_life v0.1.0 (/opt/rustwide/workdir)
[INFO] [stdout] error: extern crate `glfw` is private, and cannot be re-exported (error E0365), consider declaring with `pub`
[INFO] [stdout]  --> src/lib.rs:1:5
[INFO] [stdout]   |
[INFO] [stdout] 1 | use glw::glfw;
[INFO] [stdout]   |     ^^^^^^^^^
[INFO] [stdout]   |
[INFO] [stdout]   = note: `#[deny(pub_use_of_private_extern_crate)]` on by default
[INFO] [stdout]   = warning: this was previously accepted by the compiler but is being phased out; it will become a hard error in a future release!
[INFO] [stdout]   = note: for more information, see issue #34537 <https://github.com/rust-lang/rust/issues/34537>
[INFO] [stdout] 
[INFO] [stdout] 
[INFO] [stdout] error: extern crate `glfw` is private, and cannot be re-exported (error E0365), consider declaring with `pub`
[INFO] [stdout]  --> src/lib.rs:1:5
[INFO] [stdout]   |
[INFO] [stdout] 1 | use glw::glfw;
[INFO] [stdout]   |     ^^^^^^^^^
[INFO] [stdout]   |
[INFO] [stdout]   = note: `#[deny(pub_use_of_private_extern_crate)]` on by default
[INFO] [stdout]   = warning: this was previously accepted by the compiler but is being phased out; it will become a hard error in a future release!
[INFO] [stdout]   = note: for more information, see issue #34537 <https://github.com/rust-lang/rust/issues/34537>
[INFO] [stdout] 
[INFO] [stdout] 
[INFO] [stdout] error[E0599]: no method named `bind_buffer` found for struct `GraphicsPipeline` in the current scope
[INFO] [stdout]    --> src/lib.rs:189:38
[INFO] [stdout]     |
[INFO] [stdout] 189 |                 self.compute_program.bind_buffer(&self.curr_sb,0);
[INFO] [stdout]     |                                      ^^^^^^^^^^^ method not found in `GraphicsPipeline`
[INFO] [stdout] 
[INFO] [stdout] 
[INFO] [stdout] error[E0599]: no method named `bind_buffer` found for struct `GraphicsPipeline` in the current scope
[INFO] [stdout]    --> src/lib.rs:190:38
[INFO] [stdout]     |
[INFO] [stdout] 190 |                 self.compute_program.bind_buffer(&self.prev_sb,1);
[INFO] [stdout]     |                                      ^^^^^^^^^^^ method not found in `GraphicsPipeline`
[INFO] [stdout] 
[INFO] [stdout] 
[INFO] [stdout] error[E0599]: no method named `dispatch` found for struct `GLContext` in the current scope
[INFO] [stdout]    --> src/lib.rs:192:29
[INFO] [stdout]     |
[INFO] [stdout] 192 |                 self.gl_ctx.dispatch(
[INFO] [stdout]     |                             ^^^^^^^^ method not found in `GLContext`
[INFO] [stdout] 
[INFO] [stdout] 
[INFO] [stdout] error[E0599]: no method named `bind_buffer` found for struct `GraphicsPipeline` in the current scope
[INFO] [stdout]    --> src/lib.rs:207:37
[INFO] [stdout]     |
[INFO] [stdout] 207 |                 self.render_program.bind_buffer(&self.prev_sb, 0);
[INFO] [stdout]     |                                     ^^^^^^^^^^^ method not found in `GraphicsPipeline`
[INFO] [stdout] 
[INFO] [stdout] 
[INFO] [stdout] error: aborting due to 5 previous errors
[INFO] [stdout] 
[INFO] [stdout] 
[INFO] [stdout] For more information about this error, try `rustc --explain E0599`.
[INFO] [stdout] 
[INFO] [stderr] error: could not compile `game_of_life`.
[INFO] [stderr] 
[INFO] [stderr] To learn more, run the command again with --verbose.
[INFO] [stderr] warning: build failed, waiting for other jobs to finish...
[INFO] [stdout] error[E0599]: no method named `bind_buffer` found for struct `GraphicsPipeline` in the current scope
[INFO] [stdout]    --> src/lib.rs:189:38
[INFO] [stdout]     |
[INFO] [stdout] 189 |                 self.compute_program.bind_buffer(&self.curr_sb,0);
[INFO] [stdout]     |                                      ^^^^^^^^^^^ method not found in `GraphicsPipeline`
[INFO] [stdout] 
[INFO] [stdout] 
[INFO] [stdout] error[E0599]: no method named `bind_buffer` found for struct `GraphicsPipeline` in the current scope
[INFO] [stdout]    --> src/lib.rs:190:38
[INFO] [stdout]     |
[INFO] [stdout] 190 |                 self.compute_program.bind_buffer(&self.prev_sb,1);
[INFO] [stdout]     |                                      ^^^^^^^^^^^ method not found in `GraphicsPipeline`
[INFO] [stdout] 
[INFO] [stdout] 
[INFO] [stdout] error[E0599]: no method named `dispatch` found for struct `GLContext` in the current scope
[INFO] [stdout]    --> src/lib.rs:192:29
[INFO] [stdout]     |
[INFO] [stdout] 192 |                 self.gl_ctx.dispatch(
[INFO] [stdout]     |                             ^^^^^^^^ method not found in `GLContext`
[INFO] [stdout] 
[INFO] [stdout] 
[INFO] [stdout] error[E0599]: no method named `bind_buffer` found for struct `GraphicsPipeline` in the current scope
[INFO] [stdout]    --> src/lib.rs:207:37
[INFO] [stdout]     |
[INFO] [stdout] 207 |                 self.render_program.bind_buffer(&self.prev_sb, 0);
[INFO] [stdout]     |                                     ^^^^^^^^^^^ method not found in `GraphicsPipeline`
[INFO] [stdout] 
[INFO] [stdout] 
[INFO] [stdout] error: aborting due to 5 previous errors
[INFO] [stdout] 
[INFO] [stdout] 
[INFO] [stdout] For more information about this error, try `rustc --explain E0599`.
[INFO] [stdout] 
[INFO] [stderr] error: build failed
[INFO] running `Command { std: "docker" "inspect" "a39afc4ca7623a4db423f22774efde6e6c698bf4f287e0a4a61f8468ac512274", kill_on_drop: false }`
[INFO] running `Command { std: "docker" "rm" "-f" "a39afc4ca7623a4db423f22774efde6e6c698bf4f287e0a4a61f8468ac512274", kill_on_drop: false }`
[INFO] [stdout] a39afc4ca7623a4db423f22774efde6e6c698bf4f287e0a4a61f8468ac512274
